5 - 4?
6
Suppose 3*z = 6, -3*c + z = -0*z + 38. Let m be c*(2 + 5/(-2)). What is the tens digit of (-285)/(-20) - m/(-8)?
1
Let q = -38 + 25. Let b = -1 + q. What is the tens digit of ((-14)/4)/(1/b)?
4
Let a = -9 + 11. Suppose -a*r + 0*r = -202. Let w = 150 - r. What is the units digit of w?
9
Suppose -3 = -5*f + v, 3*f = -2*v - 4 - 2. Let z be (18/4 + 0)*2. Suppose f = -t + z + 21. What is the tens digit of t?
3
Let f be (-1)/(8/(-26))*(6 - -2). What is the tens digit of 8/(-52) + 3826/f?
4
Let b = 2087 + 453. What is the units digit of b?
0
Let o(a) = -a**3 + 5*a**2 - 4*a + 4. Let u be o(4). Suppose 3*g - 4*h - 254 - 9 = 0, -u*h - 178 = -2*g. What is the tens digit of g?
8
Suppose 2*k - 1441 = 79. What is the hundreds digit of k?
7
What is the units digit of (22788/14)/1 + (-360)/(-1260)?
8
Suppose -3*g - c = -6881, -4*g + 2*c + 9166 = -c. What is the tens digit of g?
9
Suppose 51*b - 30985 - 32255 = 0. What is the units digit of b?
0
Let s = 31 - 30. What is the units digit of (-1*(-2 + s))/((-15)/(-60))?
4
Suppose 0 = -3*z - 6, 6*s - s = 5*z - 15. What is the tens digit of s/15 + -1 - 82/(-3)?
2
Let y(o) = 11*o**2 + 6*o - 8. Let i(d) = 2*d**2 + d. Let p be i(1). What is the hundreds digit of y(p)?
1
Suppose 3*g - 27 = h, -3*h - 81 = 6*g - 11*g. Let j = 31 + h. Suppose -231 = -j*z - 35. What is the tens digit of z?
4
Let v(i) be the second derivative of -i**4/12 - 5*i**3/6 + 7*i**2/2 - 5*i. Let t be v(-6). Let j = t - -4. What is the units digit of j?
5
Let z(w) = 2*w**3 - 8*w + 1239. What is the tens digit of z(0)?
3
Let q(d) = -d**2 + 7*d - 2. Let l be q(6). Suppose -2*f + 6 = -0. What is the tens digit of 8/l + 14 - f?
1
Suppose -126 = 5*s + 2*d, -4*s - 3*d = -53 + 158. Let o = s + 28. Suppose -o*j = -4 - 132. What is the units digit of j?
4
Let p be (-844)/(-6) + (-5 - -6)/3. Let o = p - 37. What is the units digit of o?
4
Let n be 8/20 - (-112)/20. Let i(l) = 4*l - 4. Let d be i(n). Let y = d + 15. What is the tens digit of y?
3
Suppose -5*c + 3*f = -21102 - 8329, -5*f - 5873 = -c. What is the tens digit of c?
8
Suppose -w - w - 3*l = 1, 0 = 4*w - 5*l - 31. Suppose d - 67 = -4*j, w*d = 2*d - 5*j + 125. What is the units digit of d?
5
Let c(l) = 13*l + 41. What is the units digit of c(42)?
7
Let x(u) = -u**3 - 3*u - 4. Let l be x(-2). What is the tens digit of (3324/20 - 7) + 8/l?
6
Suppose -6*x - 4*z + 1184 = 0, -x - 5*z + 118 + 88 = 0. What is the hundreds digit of x?
1
Let j(w) = -w**2 + 22*w + 1. Let b be j(22). Suppose -4*z + 35 = z. Let o = b + z. What is the units digit of o?
8
Let r(t) be the third derivative of -t**6/120 - t**5/6 - 5*t**4/12 + 4*t**3/3 + 6*t**2. Let h be r(-9). Let n = 17 + h. What is the tens digit of n?
3
Suppose -32 = -9*b + 13*b. What is the units digit of (51 - b/4) + 2*-1?
1
Suppose 0 = -l, 0 = -4*p - 3*l - l + 3872. What is the units digit of p?
8
Let l = -95 + 85. Let t(i) = i**3 + 12*i**2 - 5*i - 27. What is the units digit of t(l)?
3
Suppose 0 = -4*g + 3238 - 470. What is the units digit of g?
2
Suppose 0 = -d - 5*d + 54. Let f(q) = q**3 - 10*q**2 + 13*q - 7. Let p be f(d). Let y = p + -20. What is the units digit of y?
9
Let g = -1256 + 2041. What is the units digit of g?
5
Let o be (-15055)/85 + (-4)/(-34). Let u = -109 - o. What is the units digit of u?
8
Let y(r) = r**3 + 25*r**2 + 12*r + 16. What is the units digit of y(-22)?
4
Let p(h) = h**2 - 3*h - 3. Let x be p(3). Let m be (x/(-1) - 4)/1. What is the units digit of m + 2*(-28)/(-8)?
6
Let b = -44 + 41. Let q be 8/(-20)*(26 + -1). Let p = b - q. What is the units digit of p?
7
Let v(l) = 64*l - 18. What is the tens digit of v(9)?
5
Let i(y) = 61*y + 5. Let v(m) = 2*m. Let r(s) = -2*i(s) + 18*v(s). What is the hundreds digit of r(-4)?
3
Let m(c) = 531*c**3 + 3*c**2 - 17*c + 9. What is the tens digit of m(2)?
3
Let v(y) = y**3 + 5*y**2 - y - 2. Suppose -b - 6 + 90 = 2*n, -2*n + 84 = 3*b. Let j be (-156)/n - 2/7. What is the units digit of v(j)?
8
Let o(l) = -50*l - 37. What is the hundreds digit of o(-7)?
3
Suppose 0 = -3*y + j + 4836, -5*y + 7*y - 5*j - 3237 = 0. What is the tens digit of y?
1
Let j = 633 + -103. What is the hundreds digit of j?
5
Suppose -35 = -9*n + 4*n. Suppose 2*l + 15 = n*l. What is the tens digit of (-2 - -19) + (l - 2)?
1
Suppose 3*s - 4*c - 4563 = 0, 17*s - 12*s - 7605 = 4*c. What is the tens digit of s?
2
Suppose g - 5*m - 1 = 7, -5*g + 64 = -m. Let a = 18 + -9. Suppose 92 = g*v - a*v. What is the units digit of v?
3
Let i(v) = 5*v**2 - 4*v + 4. Let c = 35 + -33. What is the units digit of i(c)?
6
Let x be 2/(-3)*60/(3 + 1). What is the units digit of (-4131)/(-85) + (-4)/x?
9
What is the units digit of 12/4*(7 + 1429)?
8
Let z be (1 + 1)*9/6. Suppose -198 = -s - z*s + 2*l, 51 = s + l. Suppose -4 = -0*b - 2*b + 2*f, -5*b = 5*f - s. What is the units digit of b?
6
Let h be -2 + -2*(2 - 1). What is the units digit of 17/68 + (-31)/h?
8
Let z(b) = 2*b. Let y be z(3). Suppose -3*j + j + y = 0. What is the units digit of 8/12 + 7/j?
3
Suppose -2*c = -3*c. Suppose 216 = 4*m - 4*d - 60, -d = c. What is the units digit of m?
9
What is the tens digit of 3 - (-2)/(2 - 5340/2672)?
3
Suppose -27454 = -24*g - 13*g. What is the hundreds digit of g?
7
What is the hundreds digit of 4/((-224)/24) - 27960/(-21)?
3
Suppose m - 162 = 4*h + 41, m - 197 = -2*h. What is the units digit of m?
9
Let o be (0 - (-12)/4)*1. Suppose -5*b = -f - 43, -3*f + f - 51 = -o*b. Let c = -4 - f. What is the tens digit of c?
1
Let u = -3020 - -5018. What is the hundreds digit of u?
9
Let v(b) = 3*b**2 - 10*b - 45. What is the tens digit of v(-11)?
2
Suppose k - 3*c = 2*c + 415, 4*k = 3*c + 1609. What is the units digit of k?
0
Let y be 123 - (-2 - -3)*2. Let n = y + -59. What is the tens digit of n?
6
Let l = 1506 - 666. What is the tens digit of l?
4
Let b(r) = r**3 - 10*r**2 - 4*r + 21. Let i = -38 - -49. What is the units digit of b(i)?
8
Suppose 6*z + 33*z - 97032 = 0. What is the tens digit of z?
8
Suppose 0*r - 4*v = 5*r + 16, -5*v = -4*r - 21. Let j(w) = -1 - 7*w - 1 + w. What is the tens digit of j(r)?
2
Suppose 2*y - 3*l = 34, 3*y - l = 3*l + 49. Suppose -24 = -r + 5*o, r - 2*o = 2*r + y. What is the units digit of (-18)/(-1 - (r + 1))?
8
Let a(p) = -5616*p**3 + p**2 + 11*p + 9. What is the units digit of a(-1)?
5
What is the units digit of ((-68)/(-119)*(-5138)/(-4))/1?
4
Let t = 12 + -8. Suppose -2*q - 142 = t*x, -86 = 2*x - 3*q + q. Let d = x - -80. What is the units digit of d?
2
Let r = 17 - 12. Let v(t) = -3*t + 16. What is the units digit of v(r)?
1
Let i(x) = 480*x**2 - 2*x + 1. What is the hundreds digit of i(1)?
4
Suppose 443 = r - 4*s, 5*r - 3*s + 6*s - 2307 = 0. What is the units digit of -3 - (4 - 8)*r/12?
0
Suppose h + 590 = c, -4*c + 5*h + 3160 - 795 = 0. What is the hundreds digit of c?
5
Suppose 4*n = 5*x - 13, -2*n + 7 = -x + 2*n. Suppose -5*l + x*q + 1045 = 0, 5*q + 125 = 4*l - 713. What is the hundreds digit of l?
2
Let f(s) = -48*s + 1. Let o be f(4). Let k = o + 303. What is the tens digit of k?
1
Let v(o) = -o**2 - 6*o. Let i be v(-6). Suppose i*d = -d + 18. What is the units digit of d?
8
Suppose 30*r = 84*r - 87912. What is the units digit of r?
8
Let m = -1078 + 2224. What is the hundreds digit of m?
1
Suppose 0 = -4*u - 2*u + 336. What is the tens digit of (-1)/4 + 1582/u?
2
Let k be (2/3)/2*6. What is the units digit of (3/(-3))/(k/(-56))?
8
Let a be 12/18 + (-28)/6 - -15. Suppose -a*w = -15*w + 12. What is the units digit of w?
3
Suppose 6*i = 12625 - 655. What is the units digit of i?
5
Suppose -2*k + 0*k + 392 = 4*d, -3*k - 372 = -4*d. Suppose j = 5*r - 207 - d, 124 = 2*r + j. What is the units digit of r?
1
What is the hundreds digit of (-21)/(-2*9/1404)?
6
Let r(o) = -o**2 + 1. Let f = -2 + -1. Let u be r(f). What is the tens digit of 276/u*(-2)/3?
2
Suppose -7 + 159 = 8*c. Let s(n) = -n**2 + 21*n - 26. What is the units digit of s(c)?
2
Let m be 2/(5*10/(-125)). Let n(x) be the third derivative of x**5/60 - x**4/8 + x**3/6 - x**2. What is the units digit of n(m)?
1
Let n(u) = u**3 - 3*u**2 + 6*u + 16. What is the hundreds digit of n(10)?
7
What is the tens digit of (-7 + 18/3)*-395?
9
Suppose 0 = -2*y + 3*t + 22, -20 = -y + 5*t - 9. Suppose y*h - 8*h = 309. What is the hundreds digit of h?
1
Let g(n) = -3*n**